6
What is the greatest common factor of 32375 and 259?
259
Calculate the greatest common factor of 38 and 16.
2
What is the greatest common factor of 58 and 58?
58
Calculate the greatest common divisor of 2457 and 91.
91
What is the greatest common divisor of 16 and 21776?
16
What is the greatest common factor of 542 and 2?
2
Calculate the greatest common divisor of 10 and 1570.
10
Calculate the greatest common factor of 275 and 4925.
25
What is the highest common factor of 11931 and 1455?
291
What is the greatest common divisor of 48 and 24?
24
Calculate the highest common factor of 32 and 504.
8
Calculate the highest common divisor of 24344 and 1074.
358
What is the greatest common divisor of 102 and 816?
102
What is the highest common factor of 140 and 1344?
28
Calculate the greatest common factor of 495 and 180.
45
What is the highest common divisor of 726 and 2002?
22
What is the greatest common divisor of 133 and 14?
7
What is the greatest common factor of 2546 and 402?
134
Calculate the greatest common divisor of 122 and 6.
2
What is the highest common factor of 236 and 14514?
118
What is the highest common divisor of 95 and 1285?
5
What is the greatest common factor of 20 and 115?
5
Calculate the greatest common divisor of 42 and 20.
2
Calculate the highest common factor of 3757 and 104.
13
Calculate the greatest common factor of 30 and 60.
30
Calculate the greatest common divisor of 112 and 176.
16
What is the highest common factor of 6 and 2931?
3
Calculate the highest common factor of 850 and 2050.
50
Calculate the greatest common divisor of 5208 and 924.
84
Calculate the highest common divisor of 873 and 171.
9
Calculate the highest common divisor of 1421 and 49.
49
What is the greatest common divisor of 111 and 5?
1
What is the greatest common divisor of 81 and 945?
27
What is the greatest common divisor of 18 and 954?
18
What is the greatest common factor of 532 and 19?
19
Calculate the greatest common factor of 23 and 23.
23
What is the greatest common divisor of 2691 and 468?
117
What is the greatest common divisor of 1529 and 11?
11
What is the greatest common factor of 4369 and 17?
17
What is the highest common factor of 413 and 1888?
59
What is the highest common divisor of 17 and 221?
17
What is the greatest common divisor of 1768 and 208?
104
What is the highest common divisor of 28 and 252?
28
Calculate the highest common divisor of 66 and 792.
66
What is the greatest common factor of 48 and 696?
24
What is the greatest common factor of 11 and 11?
11
Calculate the greatest common factor of 603 and 335.
67
Calculate the greatest common factor of 15 and 165.
15
Calculate the highest common divisor of 41 and 164.
41
Calculate the greatest common divisor of 34622 and 56.
14
Calculate the highest common factor of 44 and 10.
2
Calculate the highest common divisor of 2 and 38.
2
What is the greatest common divisor of 1269 and 5499?
423
What is the highest common divisor of 39 and 533?
13
What is the highest common divisor of 1205 and 5?
5
What is the highest common divisor of 14 and 686?
14
Calculate the highest common factor of 79915 and 55.
55
What is the greatest common factor of 8 and 856?
8
What is the highest common divisor of 3749 and 69?
23
Calculate the greatest common factor of 4092 and 2508.
132
What is the greatest common factor of 949 and 13?
13
What is the highest common factor of 2880 and 102?
6
Calculate the highest common factor of 1525 and 25.
25
What is the greatest common factor of 276 and 12?
12
Calculate the greatest common divisor of 728 and 672.
56
What is the greatest common divisor of 24 and 120?
24
Calculate the highest common divisor of 56 and 182.
14
What is the highest common divisor of 2185 and 2645?
115
Calculate the highest common factor of 396 and 88.
44
Calculate the greatest common divisor of 320 and 32320.
320
Calculate the highest common divisor of 1053 and 585.
117
What is the highest common divisor of 98 and 966?
14
What is the highest common divisor of 56 and 2828?
28
What is the greatest common factor of 390 and 18?
6
Calculate the highest common factor of 459 and 27.
27
What is the highest common divisor of 149 and 9089?
149
Calculate the greatest common divisor of 416 and 39.
13
What is the highest common divisor of 1515 and 45?
15
Calculate the highest common factor of 52 and 208.
52
Calculate the greatest common factor of 338 and 3406.
26
Calculate the highest common divisor of 182 and 4550.
182
Calculate the highest common divisor of 22330 and 29.
29
What is the greatest common factor of 32 and 8?
8
What is the highest common factor of 3282 and 12?
6
What is the greatest common divisor of 16 and 208?
16
Calculate the greatest common divisor of 88 and 200.
8
Calculate the highest common factor of 1131 and 609.
87
What is the greatest common factor of 507 and 7488?
39
Calculate the greatest common divisor of 45 and 105.
15
Calculate the highest common factor of 444 and 12.
12
Calculate the highest common divisor of 13 and 1495.
13
Calculate the highest common factor of 162 and 234.
18
Calculate the greatest common divisor of 2730 and 15.
15
Calculate the highest common factor of 246 and 9717.
123
What is the highest common factor of 264 and 6312?
24
Calculate the highest common factor of 12384 and 18.
18
Calculate the highest common divisor of 230 and 2162.
46
Calculate the greatest common divisor of 4352 and 119.
17
Calculate the greatest common divisor of 10314 and 108.
54
What is the greatest common factor of 350 and 140?
70
Calculate the greatest common divisor of 168 and 126.
42
Calculate the highest common divisor of 729 and 162.
81
Calculate the greatest common factor of 20 and 265.
5
What is the greatest common factor of 664 and 83?
83
Calculate the highest common divisor of 1376 and 128.
32
What is the greatest common divisor of 5202 and 54?
18
What is the greatest common divisor of 101 and 5959?
101
What is the highest common divisor of 2160 and 48?
48
What is the greatest common factor of 14 and 422?
2
What is the highest common divisor of 52 and 858?
26
Calculate the highest common divisor of 132 and 99.
33
What is the highest common factor of 78 and 52?
26
What is the highest common factor of 156 and 1118?
26
Calculate the greatest common divisor of 184 and 24.
8
Calculate the greatest common divisor of 300 and 948.
12
Calculate the greatest common divisor of 36 and 4842.
18
Calculate the greatest common divisor of 5459 and 309.
103
Calculate the greatest common divisor of 4103 and 99.
11
Calculate the greatest common divisor of 54 and 2322.
54
What is the highest common divisor of 35 and 110?
5
What is the highest common divisor of 672 and 2604?
84
Calculate the greatest common divisor of 57582 and 14.
14
Calculate the highest common factor of 371 and 7.
7
What is the highest common divisor of 415 and 166?
83
What is the highest common divisor of 20 and 1780?
20
Calculate the highest common divisor of 386 and 119660.
386
Calculate the highest common factor of 920 and 40.
40
Calculate the highest common factor of 116 and 87.
29
What is the highest common factor of 22 and 638?
22
Calculate the greatest common divisor of 297 and 27.
27
What is the highest common divisor of 132 and 2376?
132
What is the highest common factor of 25826 and 74?
74
What is the highest common factor of 72 and 324?
36
What is the greatest common factor of 18 and 1293?
3
What is the greatest common factor of 9888 and 96?
96
What is the greatest common divisor of 285 and 45?
15
What is the greatest common divisor of 123 and 697?
41
What is the highest common divisor of 112 and 160?
16
What is the greatest common divisor of 126 and 112?
14
Calculate the highest common factor of 3017 and 126.
7
Calculate the greatest common divisor of 88 and 55.
11
What is the highest common divisor of 1779 and 12?
3
Calculate the greatest common factor of 343 and 7.
7
What is the greatest common factor of 297 and 132?
33
What is the greatest common divisor of 2058 and 42?
42
Calculate the highest common factor of 3 and 159.
3
Calculate the highest common divisor of 14917 and 7.
7
Calculate the highest common factor of 5202 and 3366.
306
What is the highest common factor of 26 and 16?
2
Calculate the greatest com